01
List the prime factors of 322019.
61, 5279
What are the prime factors of 982091?
11, 19, 37, 127
List the prime factors of 594855.
3, 5, 13219
What are the prime factors of 1733056?
2, 13, 2083
What are the prime factors of 10336882?
2, 5168441
What are the prime factors of 664407?
3, 73823
List the prime factors of 823465.
5, 157, 1049
List the prime factors of 3469996.
2, 79, 139
List the prime factors of 38438037.
3, 11, 17, 23, 331
List the prime factors of 306145.
5, 7, 8747
List the prime factors of 5310258.
2, 3, 761, 1163
List the prime factors of 190852.
2, 47713
List the prime factors of 26787286.
2, 31, 432053
List the prime factors of 700825.
5, 17, 97
What are the prime factors of 154433?
389, 397
List the prime factors of 532825.
5, 21313
List the prime factors of 1616466.
2, 3, 41, 6571
List the prime factors of 2689423.
11, 244493
What are the prime factors of 8892338?
2, 7, 13, 48859
What are the prime factors of 3558359?
7, 577, 881
What are the prime factors of 366569?
7, 7481
List the prime factors of 1967057.
41, 47977
List the prime factors of 50793.
3, 16931
What are the prime factors of 572080?
2, 5, 7151
List the prime factors of 403742.
2, 23, 67, 131
List the prime factors of 28842694.
2, 14421347
List the prime factors of 330026.
2, 31, 5323
List the prime factors of 14136094.
2, 7, 787, 1283
List the prime factors of 96971.
7, 1979
List the prime factors of 5798263.
199, 29137
What are the prime factors of 2480332?
2, 37, 16759
List the prime factors of 1029510.
2, 3, 5, 31, 41
List the prime factors of 1015756.
2, 7, 36277
What are the prime factors of 8069093?
8069093
List the prime factors of 360490.
2, 5, 13, 47, 59
List the prime factors of 1490648.
2, 389, 479
What are the prime factors of 41806?
2, 20903
List the prime factors of 872419.
872419
What are the prime factors of 18521?
18521
List the prime factors of 3895943.
41, 167, 569
List the prime factors of 7306284.
2, 3, 608857
List the prime factors of 413023.
13, 31771
List the prime factors of 1211117.
19, 63743
What are the prime factors of 127117?
317, 401
What are the prime factors of 22991628?
2, 3, 11, 23, 7573
List the prime factors of 816608.
2, 13, 151
What are the prime factors of 12054599?
23, 524113
List the prime factors of 6859.
19
List the prime factors of 274761.
3, 30529
List the prime factors of 171940.
2, 5, 8597
List the prime factors of 266121.
3, 29569
List the prime factors of 3769074.
2, 3, 209393
What are the prime factors of 30531?
3, 10177
List the prime factors of 136622.
2, 68311
List the prime factors of 3963961.
379, 10459
What are the prime factors of 109240?
2, 5, 2731
List the prime factors of 12152372.
2, 23, 31, 4261
What are the prime factors of 217272?
2, 3, 11, 823
List the prime factors of 5388100.
2, 5, 53881
What are the prime factors of 1776251?
1776251
List the prime factors of 152631.
3, 5653
List the prime factors of 452945.
5, 157, 577
List the prime factors of 1034190.
2, 3, 5, 11491
What are the prime factors of 796132?
2, 199033
What are the prime factors of 337788?
2, 3, 11, 853
What are the prime factors of 354384?
2, 3, 23, 107
What are the prime factors of 316715?
5, 7, 9049
List the prime factors of 31176874.
2, 15588437
List the prime factors of 80001.
3, 2963
List the prime factors of 3646240.
2, 5, 13, 1753
List the prime factors of 71454.
2, 3, 11909
What are the prime factors of 355237?
37, 9601
List the prime factors of 18377.
17, 23, 47
List the prime factors of 1300563.
3, 11, 29, 151
List the prime factors of 712305.
3, 5, 11, 1439
List the prime factors of 3216740.
2, 5, 17, 9461
List the prime factors of 1671749.
1283, 1303
What are the prime factors of 3494773?
173, 20201
What are the prime factors of 21419230?
2, 5, 7, 67, 4567
What are the prime factors of 2093053?
37, 56569
What are the prime factors of 915133?
587, 1559
What are the prime factors of 21444?
2, 3, 1787
What are the prime factors of 346405?
5, 29, 2389
List the prime factors of 3114417.
3, 17, 79, 773
What are the prime factors of 63649?
63649
What are the prime factors of 1382340?
2, 3, 5, 23039
What are the prime factors of 645659?
7, 92237
What are the prime factors of 13021742?
2, 409, 15919
What are the prime factors of 8188471?
293, 27947
List the prime factors of 886062.
2, 3, 59, 2503
List the prime factors of 982382.
2, 89, 5519
What are the prime factors of 292243?
7, 83, 503
What are the prime factors of 72547?
72547
List the prime factors of 7164325.
5, 7, 40939
What are the prime factors of 277888?
2, 13, 167
List the prime factors of 2129008.
2, 7, 19009
List the prime factors of 84386.
2, 42193
List the prime factors of 5825.
5, 233
List the prime factors of 11913425.
5, 23, 20719
What are the prime factors of 127036?
2, 7, 13, 349
What are the prime factors of 5074699?
7, 199, 3643
What are the prime factors of 197144?
2, 19, 1297
What are the prime factors of 785458?
2, 607, 647
List the prime factors of 27728987.
11, 13, 211, 919
What are the prime factors of 39691733?
79, 569, 883
What are the prime factors of 194455?
5, 38891
List the prime factors of 18665696.
2, 7, 23, 3623
What are the prime factors of 1332160?
2, 5, 23, 181
List the prime factors of 2036634.
2, 3, 17, 41, 487
What are the prime factors of 3059707?
7, 41, 1523
What are the prime factors of 1711561?
1711561
What are the prime factors of 24022398?
2, 3, 37, 241, 449
What are the prime factors of 17910903?
3, 5970301
List the prime factors of 2921003.
19, 47, 3271
What are the prime factors of 251757?
3, 11, 2543
What are the prime factors of 758295?
3, 5, 41, 137
What are the prime factors of 4820722?
2, 2410361
What are the prime factors of 30470449?
30470449
What are the prime factors of 1708850?
2, 5, 11, 13, 239
What are the prime factors of 710896?
2, 157, 283
What are the prime factors of 231342?
2, 3, 38557
What are the prime factors of 1375595?
5, 13, 21163
What are the prime factors of 22291001?
773, 28837
What are the prime factors of 2370937?
2370937
What are the prime factors of 5401997?
317, 17041
List the prime factors of 7326101.
7326101
List the prime factors of 3946400.
2, 5, 4933
What are the prime factors of 615928?
2, 76991
List the prime factors of 11488418.
2, 491, 11699
What are the prime factors of 7229452?
2, 23, 179, 439
What are the prime factors of 4684260?
2, 3, 5, 7, 19, 587
List the prime factors of 12094194.
2, 3, 7, 151, 1907
What are the prime factors of 13772426?
2, 6886213
What are the prime factors of 138110?
2, 5, 7, 1973
List the prime factors of 284577.
3, 29, 3271
What are the prime factors of 2019288?
2, 3, 84137
What are the prime factors of 121958?
2, 17, 211
What are the prime factors of 28817919?
3, 13, 23, 10709
List the prime factors of 785467.
59, 13313
What are the prime factors of 11596297?
11596297
List the prime factors of 328057.
251, 1307
List the prime factors of 2395620.
2, 3, 5, 13309
List the prime factors of 100425.
3, 5, 13, 103
List the prime factors of 668375.
5, 5347
What are the prime factors of 3221103?
3, 281, 3821
List the prime factors of 441618.
2, 3, 89, 827
List the prime factors of 6425675.
5, 29, 8863
What are the prime factors of 1006434?
2, 3, 11, 13, 17, 23
What are the prime factors of 161518?
2, 7, 83, 139
What are the prime factors of 1612180?
2, 5, 149, 541
List the prime factors of 489887.
489887
List the prime factors of 10935083.
10935083
List the prime factors of 1630684.
2, 11, 37061
What are the prime factors of 4061797?
163, 24919
List the prime factors of 3163642.
2, 41, 941
What are the prime factors of 2314321?
127, 18223
List the prime factors of 14054665.
5, 17, 165349
What are the prime factors of 814606?
2, 13, 17, 19, 97
List the prime factors of 1267042.
2, 7, 1847
What are the prime factors of 238595?
5, 7, 17, 401
List the prime factors of 10884142.
2, 37, 147083
List the prime factors of 289587.
3, 83, 1163
List the prime factors of 111658.
2, 55829
List the prime factors of 26562564.
2, 3, 7, 105407
What are the prime factors of 2980501?
23, 129587
List the prime factors of 244813.
244813
What are the prime factors of 1099069?
173, 6353
What are the prime factors of 20608978?
2, 13, 41, 19333
List the prime factors of 5001128